002100020002102
In base 5, what is -212142 - 141?
-212333
In base 6, what is -4 + -50241201110?
-50241201114
In base 15, what is -226 + -1bd2c?
-1c053
In base 11, what is -16 - -5334?
5319
In base 16, what is -2005 - fee?
-2ff3
In base 3, what is -100 + 200102001212022?
200102001211222
In base 8, what is -207034273 - -2?
-207034271
In base 15, what is 18 + -33061a?
-330602
In base 12, what is 5 - 33660a89?
-33660a84
In base 12, what is -3361b37 + 6?
-3361b31
In base 15, what is -19393 + -a6a?
-19e0d
In base 3, what is -10020110101010100 + -10?
-10020110101010110
In base 7, what is -154 - 3560255?
-3560442
In base 4, what is -11 - 302201220320?
-302201220331
In base 13, what is 61 - -1002c?
10090
In base 8, what is 2447150 - 31?
2447117
In base 10, what is 2 - -987623?
987625
In base 13, what is -3 - -458263?
458260
In base 3, what is 10 + 11221001110111002?
11221001110111012
In base 6, what is 1054 - -30040141?
30041235
In base 13, what is -47b7 + 7a1a?
3233
In base 2, what is 1011000100100010111010 + 1010?
1011000100100011000100
In base 6, what is -450123 - 20551?
-511114
In base 6, what is -5452311 + -211?
-5452522
In base 4, what is -110213200101 + -2?
-110213200103
In base 12, what is a4369 - -38?
a43a5
In base 3, what is 112210112022202211 + 0?
112210112022202211
In base 6, what is -12501252 - -202?
-12501050
In base 7, what is -5 - -253416564?
253416556
In base 15, what is 1a8 - -4545b?
45614
In base 11, what is -3402376 - 2?
-3402378
In base 15, what is 8 + -69a07b?
-69a073
In base 7, what is 461 - 522644?
-522153
In base 4, what is -11022202 - 122320?
-11211122
In base 8, what is 172113 - 51014?
121077
In base 14, what is 80c - -2c1a7?
2c9b5
In base 2, what is -111111011010 - 110000100010101?
-111000011101111
In base 16, what is -3d - 17ee3?
-17f20
In base 9, what is -1 - -8483285?
8483284
In base 11, what is 5 + 5297796?
52977a0
In base 3, what is -102011111010020 + 12?
-102011111010001
In base 10, what is -26 - 5631714?
-5631740
In base 13, what is -8466cb - -c?
-8466bc
In base 16, what is 7 - -73ba?
73c1
In base 3, what is -2101 + -202011111100?
-202011120201
In base 13, what is -7a6c + 162b?
-6441
In base 2, what is -111110110001101001 + -1101011011?
-111110111111000100
In base 14, what is 1c - -1551331?
155134d
In base 14, what is 4 - -7405c0?
7405c4
In base 11, what is 2a50084 - -18?
2a500a1
In base 2, what is -1100010110 - -1100001000100101?
1011111100001111
In base 16, what is 5bd64b - 2?
5bd649
In base 12, what is -59b + -1192?
-1771
In base 7, what is -1 + -633632660?
-633632661
In base 9, what is 11736 - -4813?
16650
In base 16, what is 345eb3 - -88?
345f3b
In base 10, what is 106358 - 299?
106059
In base 13, what is -5 - 96ccb6?
-96ccbb
In base 14, what is -5a - -220a5?
22049
In base 8, what is -463225012 - -1?
-463225011
In base 5, what is 3344 - 113144?
-104300
In base 3, what is -1210020121211 + -1011?
-1210020122222
In base 12, what is -2652882 - 1?
-2652883
In base 7, what is -21330303 - -13?
-21330260
In base 7, what is -11 - 34314233?
-34314244
In base 12, what is -90aab + -11?
-90b00
In base 7, what is 160365214 - -1?
160365215
In base 10, what is 5 + -151571936?
-151571931
In base 10, what is -5 - -25383936?
25383931
In base 5, what is 210344112 - -3410?
210403022
In base 5, what is -24130440 + 44040?
-24031400
In base 13, what is 1a177c - -382?
1a1b31
In base 8, what is 1113 + 23511?
24624
In base 8, what is 464436774 + 0?
464436774
In base 12, what is 26 + -2b56737?
-2b56711
In base 12, what is 1896b + -1a15?
16b56
In base 2, what is -1001010101101101 + -101010?
-1001010110010111
In base 9, what is 58436 + 12812?
72348
In base 6, what is 1140425413 - 4?
1140425405
In base 3, what is 121011201 - -2110211?
200122112
In base 12, what is 1138384 + 4?
1138388
In base 4, what is -1003110323131 - 31?
-1003110323222
In base 10, what is 4 + 43865?
43869
In base 5, what is 3221001034 + 44?
3221001133
In base 14, what is -49 - -ddbc8?
ddb7d
In base 14, what is -19a74 - -20d?
-19865
In base 13, what is a2 - -c94a2?
c9574
In base 14, what is -173247c7 - -1?
-173247c6
In base 5, what is -1012 - 1144300?
-1200312
In base 6, what is -4523450101 + -4?
-4523450105
In base 9, what is -18548 - 2148?
-21707
In base 12, what is -157701 + 9?
-1576b4
In base 14, what is -13ad5d - c?
-13ad6b
In base 7, what is 3356121140 + -4?
3356121133
In base 9, what is -3460 + -5605?
-10165
In base 8, what is -13751504 - 5?
-13751511
In base 9, what is 133 + 122682?
122825
In base 12, what is -4b08a - 339?
-4b407
In base 2, what is 11111011011010001011 + 100010000?
11111011011110011011
In base 14, what is 46c43 + -5?
46c3c
In base 15, what is -82084ab + 4?
-82084a7
In base 3, what is -220222211 - 211110?
-221211021
In base 9, what is 153 + 241365?
241528
In base 15, what is 2 + ccea45?
ccea47
In base 15, what is -29ca628 - 2?
-29ca62a
In base 15, what is b + 18e3cb?
18e3d7
In base 14, what is 3160 + 4d?
31ad
In base 4, what is 113331203 + -221?
113330322
In base 11, what is -85 - 1190a3?
-119178
In base 4, what is -12202 + -22221100?
-22233302
In base 3, what is 121012 - 220220111?
-220022022
In base 10, what is 365 + -18211?
-17846
In base 3, what is -12 - -2011201101000000?
2011201100222211
In base 12, what is -572905 - 8?
-572911
In base 5, what is 2044 + 1001403301?
1001410400
In base 9, what is -8785 + 2632?
-6153
In base 11, what is 11 - 26a563?
-26a552
In base 16, what is -3387712 - -3?
-338770f
In base 16, what is -37efa - 3c6?
-382c0
In base 9, what is -574055 + -61?
-574126
In base 4, what is 120321211330 + -12?
120321211312
In base 6, what is 2 + -20235525345?
-20235525343
In base 7, what is -1361 - -6561530?
6560136
In base 10, what is 641 + 707492?
708133
In base 9, what is -220672 + -44?
-220726
In base 11, what is -399868 - -91a?
-398a49
In base 14, what is 1c664 + 18?
1c67c
In base 3, what is 201000022121210201 - -11?
201000022121210212
In base 6, what is 4 + -1444512324?
-1444512320
In base 3, what is -11022101 + -1220212111?
-2002011212
In base 5, what is 4 - 20144042301?
-20144042242
In base 8, what is -113 + 20166343?
20166230
In base 9, what is -135731888 - -2?
-135731886
In base 13, what is -2cc7 - 25?
-301c
In base 10, what is -12638807 + 0?
-12638807
In base 6, what is -41322555 - 2555?
-41325554
In base 16, what is 3450ed + -1?
3450ec
In base 13, what is -2ab04a0 - -13?
-2ab048a
In base 7, what is -2 - 166462552?
-166462554
In base 2, what is 1001010001 - -100110101111011001010?
100110110000100011011
In base 10, what is 473710986 - 0?
473710986
In base 3, what is 1112022021122 + 111100?
1112022202222
In base 2, what is 101 - -100101101100101001111?
100101101100101010100
In base 7, what is -102010 - -4051?
-64626
In base 2, what is 101001111011 + 10010001001?
111100000100
In base 16, what is 204a - d1b?
132f
In base 13, what is 3 - 3b759632?
-3b75962c
In base 15, what is -edc0b + -5b?
-edc67
In base 16, what is 293 - -1d19?
1fac
In base 7, what is 421400343 + 4?
421400350
In base 3, what is -2121111 - 201200?
-10100011
In base 8, what is -5 + -40047?
-40054
In base 15, what is -1 + -1a5120e?
-1a51210
In base 13, what is 1806aab + a?
1806ab8
In base 10, what is -231 - 151205?
-151436
In base 14, what is 1d - -2c029?
2c048
In base 15, what is 1 - 4eb07e5?
-4eb07e4
In base 10, what is -4 + -7052288?
-7052292
In base 10, what is -37705156 + 1?
-37705155
In base 12, what is 24a9b - 1154?
23947
In base 5, what is -13030321 + -11?
-13030332
In base 11, what is 3 - -441461?
441464
In base 3, what is -2010211202121100 + 101?
-2010211202120222
In base 16, what is 8a1321 - -3?
8a1324
In base 15, what is -23b - 2d633?
-2d86e
In base 13, what is 75 + 5b343?
5b3b8
In base 12, what is 1 + -665070?
-66506b
In base 3, what is -200021210110100 - -122?
-200021210102201
In base 5, what is 3232 - 22330013?
-22321231
In base 3, what is 10002022001212 - -12?
10002022002001
In base 12, what is -580 - -4913?
4353
In base 15, what is -1044ec + 2e7?
-104205
In base 15, what is c2144a1 + -9?
c214497
In base 3, what is 1002000002010001 + 12?
1002000002010020
In base 8, what is -64712070 + 22?
-64712046
In base 6, what is 3 + 4220332054?
4220332101
In base 4, what is -31 + -3113030310000?
-3113030310031
In base 15, what is 15 - -264a6b?
264a81
In base